{"id":2,"date":"2016-05-10T03:48:21","date_gmt":"2016-05-10T03:48:21","guid":{"rendered":"http:\/\/ssv-nuertingen.de\/?page_id=2"},"modified":"2021-09-28T23:22:41","modified_gmt":"2021-09-28T21:22:41","slug":"sample-page","status":"publish","type":"page","link":"http:\/\/ssv-nuertingen.de\/?page_id=2","title":{"rendered":"Impressum"},"content":{"rendered":"<p><strong>Kontakt\/Impressum<\/strong><\/p>\n<p>Stadtsportverband N\u00fcrtingen e.V.<br \/>\nHohenneuffenstra\u00dfe 14<br \/>\n72622 N\u00fcrtingen<\/p>\n<p>Tel.\u00a0 \u00a0 07022 &#8211; 905 216<br \/>\nFax\u00a0\u00a0\u00a0 07022 &#8211; 905 217<br \/>\nMail:\u00a0 info@ssv-nuertingen.de<\/p>\n<p>Angaben zur Allgemeinen Informationspflicht gem\u00e4\u00df \u00a7 6 Teledienstgesetz: Vertretungsberechtigter<\/p>\n<p>Vorstand:<br \/>\nDorothea Jooss (Vorstandssprecherin)<br \/>\nAndreas Herbst (stellv. Vorstandssprecher)<br \/>\nHartmut Binder (stellv. Vorstandssprecher)<br \/>\nAlexander Beck (Schatzmeister)<br \/>\nMartin Fouque (Schriftf\u00fchrerin)<\/p>\n<p>Inhaltlich Verantwortliche gem\u00e4\u00df \u00a7 6 Mediendienste-Staatsvertrag (MDStV):<\/p>\n<p>Dorothea Jooss (Vorstandssprecherin)<br \/>\nAndreas Herbst (stellv. Vorstandssprecher)<br \/>\nHartmut Binder (stellv. Vorstandssprecher)<br \/>\nAlexander Beck (Schatzmeister)<br \/>\nMartin Fouque (Schriftf\u00fchrerin)<\/p>\n<p>Haftungshinweis:<\/p>\n<p>Trotz sorgf\u00e4ltiger inhaltlicher Kontrolle \u00fcbernehmen wir keine Haftung f\u00fcr die Inhalte externer Links.<br \/>\nF\u00fcr den Inhalt der verlinkten Seiten sind ausschlie\u00dflich deren Betreiber verantwortlich.<\/p>\n","protected":false},"excerpt":{"rendered":"<p>Kontakt\/Impressum Stadtsportverband N\u00fcrtingen e.V. Hohenneuffenstra\u00dfe 14 72622 N\u00fcrtingen Tel.\u00a0 \u00a0 07022 &#8211; 905 216 Fax\u00a0\u00a0\u00a0 07022 &#8211; 905 217 Mail:\u00a0 info@ssv-nuertingen.de Angaben zur Allgemeinen Informationspflicht gem\u00e4\u00df \u00a7 6 Teledienstgesetz: Vertretungsberechtigter Vorstand: Dorothea Jooss (Vorstandssprecherin) Andreas Herbst (stellv. Vorstandssprecher) Hartmut Binder (stellv. Vorstandssprecher) Alexander Beck (Schatzmeister) Martin Fouque (Schriftf\u00fchrerin) Inhaltlich Verantwortliche gem\u00e4\u00df \u00a7 6 Mediendienste-Staatsvertrag (MDStV): [&hellip;]<\/p>\n","protected":false},"author":1,"featured_media":0,"parent":0,"menu_order":0,"comment_status":"closed","ping_status":"open","template":"","meta":{"footnotes":""},"_links":{"self":[{"href":"http:\/\/ssv-nuertingen.de\/index.php?rest_route=\/wp\/v2\/pages\/2"}],"collection":[{"href":"http:\/\/ssv-nuertingen.de\/index.php?rest_route=\/wp\/v2\/pages"}],"about":[{"href":"http:\/\/ssv-nuertingen.de\/index.php?rest_route=\/wp\/v2\/types\/page"}],"author":[{"embeddable":true,"href":"http:\/\/ssv-nuertingen.de\/index.php?rest_route=\/wp\/v2\/users\/1"}],"replies":[{"embeddable":true,"href":"http:\/\/ssv-nuertingen.de\/index.php?rest_route=%2Fwp%2Fv2%2Fcomments&post=2"}],"version-history":[{"count":4,"href":"http:\/\/ssv-nuertingen.de\/index.php?rest_route=\/wp\/v2\/pages\/2\/revisions"}],"predecessor-version":[{"id":92,"href":"http:\/\/ssv-nuertingen.de\/index.php?rest_route=\/wp\/v2\/pages\/2\/revisions\/92"}],"wp:attachment":[{"href":"http:\/\/ssv-nuertingen.de\/index.php?rest_route=%2Fwp%2Fv2%2Fmedia&parent=2"}],"curies":[{"name":"wp","href":"https:\/\/api.w.org\/{rel}","templated":true}]}}