{"id":56,"date":"2019-01-24T00:44:38","date_gmt":"2019-01-23T23:44:38","guid":{"rendered":"http:\/\/ssv-nuertingen.de\/?page_id=56"},"modified":"2021-09-29T11:56:17","modified_gmt":"2021-09-29T09:56:17","slug":"wir-ueber-uns","status":"publish","type":"page","link":"http:\/\/ssv-nuertingen.de\/?page_id=56","title":{"rendered":"\u00dcber uns"},"content":{"rendered":"\t\t<div data-elementor-type=\"wp-page\" data-elementor-id=\"56\" class=\"elementor elementor-56\">\n\t\t\t\t\t\t\t\t\t<section class=\"elementor-section elementor-top-section elementor-element elementor-element-437b7be1 elementor-section-boxed elementor-section-height-default elementor-section-height-default\" data-id=\"437b7be1\" data-element_type=\"section\">\n\t\t\t\t\t\t<div class=\"elementor-container elementor-column-gap-default\">\n\t\t\t\t\t<div class=\"elementor-column elementor-col-100 elementor-top-column elementor-element elementor-element-6b3aa10f\" data-id=\"6b3aa10f\" data-element_type=\"column\">\n\t\t\t<div class=\"elementor-widget-wrap elementor-element-populated\">\n\t\t\t\t\t\t\t\t<div class=\"elementor-element elementor-element-32ada2ad elementor-widget elementor-widget-text-editor\" data-id=\"32ada2ad\" data-element_type=\"widget\" data-widget_type=\"text-editor.default\">\n\t\t\t\t<div class=\"elementor-widget-container\">\n\t\t\t\t\t\t\t<p><!-- wp:paragraph --><\/p>\n<p>Wir sind der Dachverband von derzeit 15 N\u00fcrtinger Sportvereinen, die sich im Jahr 2017 zu einem gemeinsamen Verband zusammengeschlossen haben. Ziel war und ist es, die Interessen des N\u00fcrtinger Sports gegen\u00fcber der Stadt N\u00fcrtingen sowie politischen Entscheidungstr\u00e4gern zu vertreten und dem Sport mehr Geh\u00f6r zu verschaffen.<\/p>\n<p><!-- \/wp:paragraph --><\/p>\n<p><!-- wp:paragraph --><\/p>\n<p>Wir wollen aktiv mit den st\u00e4dtischen Entscheidungstr\u00e4gern zusammenarbeiten, wie z.B. bei der konzeptionellen Erstellung eines N\u00fcrtinger Sportentwicklungskonzepts oder bei den schwierigen Frage der Hallenbelegungen.<\/p>\n<p><!-- \/wp:paragraph --><\/p>\n<p><!-- wp:paragraph --><\/p>\n<p><!-- \/wp:paragraph --><\/p>\n<p><!-- wp:paragraph --><\/p>\n<p>Das sind unsere derzeitigen Mitgliedsvereine:<\/p>\n<p><!-- \/wp:paragraph --><\/p>\n<p><!-- wp:list --><\/p>\n<ul>\n<li>Bogensch\u00fctzen N\u00fcrtingen e.V.<\/li>\n<li>Discgolf- und Frisbeeclub N\u00fcrtingen e.V.<\/li>\n<li>Flugsportverein N\u00fcrtingen e.V.<\/li>\n<li>F\u00f6rdervereine der Schiedsrichtergruppe N\u00fcrtingne e.V.<\/li>\n<li>Herzsport N\u00fcrtingen e.V.<\/li>\n<li>Judoverein N\u00fcrtingen e.V.<\/li>\n<li>SV Hardt e.V.<\/li>\n<li>SPV 05 N\u00fcrtingen e.V.<\/li>\n<li>SV Reudern e.V.<\/li>\n<li>TB Neckarhausen e.V.<\/li>\n<li>Tennisclub Oberensingen e.V.<\/li>\n<li>TG N\u00fcrtingen e.V.<\/li>\n<li>TSV Oberensingen e.V.<\/li>\n<li>TSV Raidwangen e.V.<\/li>\n<li>TSV Zizishausen e.V.<\/li>\n<\/ul>\n<p><!-- \/wp:list --><\/p>\n<p><!-- wp:paragraph --><\/p>\n<p><!-- \/wp:paragraph --><\/p>\n<p><!-- wp:paragraph --><\/p>\n<p>N\u00fcrtinger Sportvereine, die interessiert daran sind, unserem Stadtsportverband beizutreten, sind jederzeit willkommen.<\/p>\n<p><!-- \/wp:paragraph --><\/p>\n<p><!-- wp:paragraph --><\/p>\n<p>Bitte in diesem Fall mit dem Verband in Verbindung setzen (info@ssv-nuertingen.de)<\/p>\n<p><!-- \/wp:paragraph --><\/p>\n<p><!-- wp:paragraph --><\/p>\n<p><!-- \/wp:paragraph --><\/p>\n<p><!-- wp:paragraph --><\/p>\n<p><!-- \/wp:paragraph --><\/p>\t\t\t\t\t\t<\/div>\n\t\t\t\t<\/div>\n\t\t\t\t\t<\/div>\n\t\t<\/div>\n\t\t\t\t\t\t\t<\/div>\n\t\t<\/section>\n\t\t\t\t\t\t\t<\/div>\n\t\t","protected":false},"excerpt":{"rendered":"<p>Wir sind der Dachverband von derzeit 15 N\u00fcrtinger Sportvereinen, die sich im Jahr 2017 zu einem gemeinsamen Verband zusammengeschlossen haben. Ziel war und ist es, die Interessen des N\u00fcrtinger Sports gegen\u00fcber der Stadt N\u00fcrtingen sowie politischen Entscheidungstr\u00e4gern zu vertreten und dem Sport mehr Geh\u00f6r zu verschaffen. Wir wollen aktiv mit den st\u00e4dtischen Entscheidungstr\u00e4gern zusammenarbeiten, wie [&hellip;]<\/p>\n","protected":false},"author":1,"featured_media":0,"parent":0,"menu_order":0,"comment_status":"closed","ping_status":"closed","template":"","meta":{"footnotes":""},"_links":{"self":[{"href":"http:\/\/ssv-nuertingen.de\/index.php?rest_route=\/wp\/v2\/pages\/56"}],"collection":[{"href":"http:\/\/ssv-nuertingen.de\/index.php?rest_route=\/wp\/v2\/pages"}],"about":[{"href":"http:\/\/ssv-nuertingen.de\/index.php?rest_route=\/wp\/v2\/types\/page"}],"author":[{"embeddable":true,"href":"http:\/\/ssv-nuertingen.de\/index.php?rest_route=\/wp\/v2\/users\/1"}],"replies":[{"embeddable":true,"href":"http:\/\/ssv-nuertingen.de\/index.php?rest_route=%2Fwp%2Fv2%2Fcomments&post=56"}],"version-history":[{"count":7,"href":"http:\/\/ssv-nuertingen.de\/index.php?rest_route=\/wp\/v2\/pages\/56\/revisions"}],"predecessor-version":[{"id":122,"href":"http:\/\/ssv-nuertingen.de\/index.php?rest_route=\/wp\/v2\/pages\/56\/revisions\/122"}],"wp:attachment":[{"href":"http:\/\/ssv-nuertingen.de\/index.php?rest_route=%2Fwp%2Fv2%2Fmedia&parent=56"}],"curies":[{"name":"wp","href":"https:\/\/api.w.org\/{rel}","templated":true}]}}